igit of u?
1
Suppose -2296 = 5*r + 1559. What is the units digit of (-56)/7*r/12?
4
Let w(v) = -3*v**2 + 33*v + 4. Let z be w(11). Suppose -z*d - 30 = 9*h - 11*h, -4*h + 73 = 5*d. What is the units digit of h?
7
Let q(i) be the second derivative of i**5/20 - i**4/6 - i**3/6 - 3*i. Let s be q(2). Let c(g) = -11*g**3 + 3*g**2 + 2*g - 1. What is the units digit of c(s)?
5
What is the hundreds digit of (20730/18 + 5)/(2/9)?
2
Suppose 0 = 7*p + 2*p + 10017. Let t = p - -455. What is the units digit of (-2)/((-14)/(-49) - (-216)/t)?
7
Let t(r) = 1062*r - 639. What is the units digit of t(14)?
9
Let a(p) = 5*p + 27. Let t be a(-5). Suppose -5*d + 139 = t*z + 43, 202 = 5*z + 3*d. Let o = z - 35. What is the units digit of o?
3
Suppose -769659 = -42*f + 560565. What is the ten thousands digit of f?
3
Suppose 2*c = 3*j + 70488, -4*j - 126210 - 14774 = -4*c. What is the tens digit of c?
5
Let d(p) = -29*p**3 - p**2 - 26*p - 192. What is the tens digit of d(-7)?
8
Let y(l) = 16*l + 27. Let b be y(-12). Suppose -2*p - 5*z + 755 = p, -5*p + z + 1277 = 0. Let i = p + b. What is the tens digit of i?
9
Let t(x) = 6*x**2 + 63*x - 1134. What is the hundreds digit of t(14)?
9
Let f(a) = 212*a - 8. Let d be f(-11). What is the units digit of (2/4)/((-2)/d)?
5
Let f be 62/6 - 4/(-6). Let r(t) = t**3 - 11*t**2 + 4*t + 12. Let b be r(f). Let q = b - -21. What is the units digit of q?
7
Let t(d) = d**2 - 26. Let q = 36 + -29. Let h be t(q). What is the units digit of 23/h - (1 - (1 + 35))?
6
Let z be 14 - (3 - (3 + -1)). Suppose -4*t + 24 = -2*y, -t - 4*y + z = -y. Suppose 4*i - t = 9. What is the units digit of i?
4
What is the ten thousands digit of 122/(-18) - (-8 + 370/45) - -19459?
1
Suppose 223036 + 872729 = 42*u - 9*u. What is the units digit of u?
5
Suppose -35*s - i - 14073 = -37*s, -s + 7041 = -2*i. What is the thousands digit of s?
7
Let t be -2 + (-16)/(-7) + (-3468)/(-14). Let s = t + -153. What is the tens digit of s?
9
Suppose -6*y = -3*y - 54. Suppose 0 = 5*x - 7*x - y. Let p(u) = u**3 + 9*u**2 - 13*u - 4. What is the hundreds digit of p(x)?
1
Let p be 2 - -3 - (-20 - -29). What is the hundreds digit of ((352/(-33))/(-8))/(p/(-2154))?
7
Let y be (-20)/(-10) + 1 + 0 - 1. Suppose -k = -6 + 1, -y*l - 2*k = -18. Suppose l*r - 1130 = -r + 5*v, 2*v = 5*r - 1133. What is the hundreds digit of r?
2
Let z = 5108 + 143. What is the units digit of z?
1
What is the tens digit of 4/(-6)*297504/384*-2*27?
9
Suppose -13*v = -6464 - 6549. Let l = v + -545. What is the tens digit of l?
5
Suppose -30*n = -36*n + 3588. Suppose 33*v + n = 35*v. What is the units digit of v?
9
Let v(g) = 16*g + 563. Let k(u) = -u**2 + 12*u. Let m be k(0). What is the units digit of v(m)?
3
Let h(z) = 9 + 65*z + 9 - 54*z - 3. Let t be h(-4). Let q = t + 56. What is the tens digit of q?
2
Let i = 209 - 206. Suppose i*v = 3*y - 1305, 4*v = y - 111 - 327. What is the tens digit of y?
3
Let z = 5874 + -5704. What is the tens digit of z?
7
Let g(c) = c**2 - 14*c - 143. Let d be g(-7). Suppose d*i - 8*i = -1496. What is the tens digit of i?
7
Suppose 9*p - 45 = -153. What is the thousands digit of (-12032)/p + (-63)/(-27)?
1
Suppose 4*d - 166*s - 96236 = -168*s, -3*s + 96232 = 4*d. What is the ten thousands digit of d?
2
What is the tens digit of 17540/8*(-16)/(-5)?
1
What is the tens digit of ((-208)/(-39) + -6)/(1*2/(-48681))?
2
Let h = -41 - -48. Suppose h*n = -2*n + 2871. Suppose 0 = -w + 5*d + 133, -3*w - 4*d + n = d. What is the tens digit of w?
1
Suppose -27*x = 8832 - 107350 - 36779. What is the units digit of x?
1
Let g(n) = -134*n**3 - 10*n**2 - 288*n - 2405. What is the ten thousands digit of g(-8)?
6
Let x(m) be the first derivative of -m**4/2 - 3*m**3 + 8*m**2 - 31*m + 85. What is the tens digit of x(-9)?
5
Suppose -n - 8 = -28. Suppose -u - n = -189. What is the hundreds digit of u?
1
Suppose 3*r - 7*r = 3*m - 1001, 5*m - 1678 = 3*r. What is the tens digit of m/(-15)*(-1 - 2)?
6
Let o(k) be the second derivative of -19*k**4/12 - 110*k**3/3 - k**2/2 + 32*k. What is the units digit of o(-9)?
0
Suppose -3*z + z = 4*t + 60828, 91197 = -3*z + 3*t. What is the tens digit of (-1)/6 - z/264?
1
Let z(o) = -5*o - 136 - 11 + 39*o. What is the hundreds digit of z(11)?
2
Suppose 5*h = -2*f + 4, 3*h = -5*f - 0*f + 10. Suppose -q - 2*w + 231 = h, -5*q = -4*q - 2*w - 219. What is the tens digit of q?
2
Let o = 661 - 661. Suppose o = -848*t + 854*t - 7032. What is the hundreds digit of t?
1
Suppose 10*h - 208906 + 59646 = -24*h. What is the hundreds digit of h?
3
Suppose 4*a = 4*z, -z - 5*a + 9*a - 12 = 0. Let f(m) = -m**3 + 5*m**2 - 2*m - 5. Let b be f(z). Suppose 0 = b*j - 120 - 420. What is the hundreds digit of j?
1
Let c(h) = 6*h**2 + h - 1. Let g(r) = 51*r**2 + 5*r - 2. Let w(z) = -3*c(z) + g(z). Let v be 1/2*10 + -3. What is the hundreds digit of w(v)?
1
Let s be 3/5 + (-8)/(-120)*1431. Suppose 3*v - 3*r - s = 1953, 1394 = 2*v + 5*r. What is the hundreds digit of v?
6
Let b(k) = -8*k - 16. Let w(z) = -8*z**3 + z**2 + z - 1. Let q(i) = i**3 + 4*i**2 + 3*i + 1. Let v be q(-3). Let x be w(v). What is the units digit of b(x)?
0
Let b(i) be the third derivative of 35*i**4/24 - 61*i**3/6 - 19*i**2 + 1. What is the tens digit of b(13)?
9
Let m(i) = -9*i**2 + 14*i**2 - 3*i + 3*i - i + 11. What is the tens digit of m(3)?
5
Let u(h) = 21*h**2 + 5*h - 25. Let b be (4 + 0)*(2 + 15/(-12)). What is the tens digit of u(b)?
7
Let h = 10877 - 6119. What is the tens digit of h?
5
Let q(t) be the first derivative of -t**5/20 + 3*t**4/4 + t**3/2 - t**2 - 7*t - 1. Let k(l) be the first derivative of q(l). What is the tens digit of k(9)?
2
Suppose -2*t - 4*p + 4390 = -2714, t - 4*p - 3546 = 0. What is the units digit of t?
0
Suppose 3*b - 5 = x, -3*x - 2*b + 18 = -0*x. Suppose 2*y - 185 = y + x*r, 4*y = -5*r + 635. What is the units digit of y?
5
Suppose -3*v - 136 = 2*h, 5*v - 53 = h - 11. Let a = h - -32. What is the units digit of 66/5*(-100)/a?
4
Let a(q) be the second derivative of 10*q**3/3 - 26*q**2 - 3*q. Let f be a(15). Suppose 3*d - 2*j = -j + 337, 2*d + 4*j - f = 0. What is the units digit of d?
4
What is the hundreds digit of 4721 - -1 - (990/(-220) + 6/(-4))?
7
Let q(x) = x + 1. Let g be (2/4)/((-18)/(-36)). Let d(m) = 7*m - 17. Let y(a) = g*d(a) - 2*q(a). What is the tens digit of y(18)?
7
Suppose -130 = 3*g - 139, 0 = -l - 4*g + 22512. What is the thousands digit of l?
2
Suppose -1909 = 4*c - 4853. Suppose -54*m + 351 = 27. Suppose -10*o = m*o - c. What is the tens digit of o?
4
Let m = -18470 + 26016. What is the units digit of m?
6
Let k = -136 + 106. What is the tens digit of (140/k - 3)*-261?
0
Let a be (-1 - -22) + -2 + 1. Suppose a = -5*k, 6*x - 3*k = x + 2882. Suppose 0 = -7*v + 112 + x. What is the units digit of v?
8
What is the thousands digit of (216/(-486) - 74948/9)*8/(-2)?
3
Let i be (14 - (-1008)/(-32))*(-24)/(-10). What is the hundreds digit of (3 - -17)/(i/(-1239))?
5
Suppose 0*x = -4*x + d + 11, -2*d - 10 = -5*x. Suppose -x*s + 40 = -0*s. What is the tens digit of s?
1
Let c be (211 - (2 - 1))*8/(-16). Let i = -61 - c. What is the tens digit of (-2 + i/10)/(3/45)?
3
Let x(a) = a + 9. Let k be x(-7). Suppose 273 = k*f + 105. Suppose 185 = z + c, 841 + f = 5*z + 3*c. What is the units digit of z?
5
Suppose c - 138 = -n, 0 = c - 3*n - 59 - 99. Let s(z) = -z**2 - 25*z - 3. Let p be s(-19). Suppose 0 = -2*h + c + p. What is the hundreds digit of h?
1
What is the hundreds digit of (-90896)/(-19) - (-32)/(5 + -1)?
7
Suppose 0 = 46*q - 59*q + 7917. What is the thousands digit of 1*2*q - (-39 + 35)?
1
Let j(k) = k**3 - 4*k**2 + 2*k + 1. Let t be j(3). What is the tens digit of 22 + 88 + (t - -1)?
0
Let k(v) be the second derivative of -5*v**3/6 - 41*v**2 - v + 4. What is the units digit of k(-18)?
8
Let i(r) = 44*r + 7. Let t(s) = -15*s - 2. Let h(n) = 3*i(n) + 8*t(n). Let p be h(2). Let v = p + 74. What is the hundreds digit of v?
1
Let y be 5/(-2) - (-1232)/32. Suppose 15 = -7*i + 2*i, 2*t - y = -2*i. What is the tens digit of t?
2
Suppose 52788 = 6*n - 3*g, 2*n - 13*g + 8*g = 17572. What is the tens digit of n?
0
Suppose 5498*q - 5497*q - 5553 = 0. What is the tens digit of q?
5
Let s be (-78)/(-52) - (-22867)/(-2). What is the units digit of 2/5 + -2 + s/(-20)?
0
What is the units 